
6
What is the remainder when 28654 is divided by 62?
10
What is the remainder when 26436 is divided by 3743?
235
What is the remainder when 33972 is divided by 5?
2
What is the remainder when 5196 is divided by 149?
130
Calculate the remainder when 7122 is divided by 7088.
34
What is the remainder when 177121 is divided by 44277?
13
What is the remainder when 1417 is divided by 181?
150
Calculate the remainder when 1602 is divided by 249.
108
What is the remainder when 8041 is divided by 2355?
976
Calculate the remainder when 13025 is divided by 70.
5
What is the remainder when 53880 is divided by 4485?
60
What is the remainder when 534287 is divided by 2754?
11
What is the remainder when 326768 is divided by 13615?
8
What is the remainder when 25242 is divided by 297?
294
Calculate the remainder when 13584 is divided by 148.
116
Calculate the remainder when 1110693 is divided by 895.
893
Calculate the remainder when 3658 is divided by 20.
18
Calculate the remainder when 13499 is divided by 185.
179
What is the remainder when 5805 is divided by 166?
161
What is the remainder when 667 is divided by 64?
27
What is the remainder when 375394 is divided by 41?
39
What is the remainder when 7929 is divided by 57?
6
Calculate the remainder when 1537 is divided by 280.
137
What is the remainder when 5791 is divided by 578?
11
Calculate the remainder when 161162 is divided by 227.
219
What is the remainder when 102024 is divided by 7848?
0
Calculate the remainder when 8130 is divided by 3676.
778
What is the remainder when 44504 is divided by 25?
4
What is the remainder when 319338 is divided by 173?
153
What is the remainder when 391400 is divided by 471?
470
What is the remainder when 894234 is divided by 45?
39
Calculate the remainder when 255068 is divided by 1090.
8
Calculate the remainder when 3615 is divided by 643.
400
Calculate the remainder when 48599 is divided by 6941.
12
Calculate the remainder when 4810 is divided by 961.
5
Calculate the remainder when 10528 is divided by 540.
268
Calculate the remainder when 1542 is divided by 164.
66
Calculate the remainder when 1182313 is divided by 1106.
1105
Calculate the remainder when 7275078 is divided by 779.
776
What is the remainder when 266619 is divided by 3251?
37
What is the remainder when 6825 is divided by 971?
28
Calculate the remainder when 470 is divided by 26.
2
Calculate the remainder when 104295 is divided by 71.
67
What is the remainder when 156815 is divided by 1985?
0
Calculate the remainder when 93263 is divided by 18640.
63
Calculate the remainder when 1554 is divided by 76.
34
Calculate the remainder when 95753 is divided by 689.
671
Calculate the remainder when 22656 is divided by 13.
10
What is the remainder when 7839 is divided by 80?
79
What is the remainder when 74659 is divided by 411?
268
Calculate the remainder when 4710 is divided by 2250.
210
Calculate the remainder when 767 is divided by 116.
71
Calculate the remainder when 1301 is divided by 3.
2
What is the remainder when 9171 is divided by 90?
81
What is the remainder when 3361 is divided by 225?
211
What is the remainder when 13591 is divided by 807?
679
What is the remainder when 100289 is divided by 96?
65
What is the remainder when 2271 is divided by 84?
3
What is the remainder when 92222 is divided by 35?
32
Calculate the remainder when 18074 is divided by 18069.
5
What is the remainder when 33084 is divided by 13?
12
What is the remainder when 1139 is divided by 33?
17
Calculate the remainder when 6095 is divided by 2945.
205
What is the remainder when 239870 is divided by 142?
32
What is the remainder when 85138 is divided by 372?
322
Calculate the remainder when 3845 is divided by 67.
26
What is the remainder when 141017 is divided by 727?
706
Calculate the remainder when 3716 is divided by 1207.
95
What is the remainder when 878177 is divided by 158?
13
What is the remainder when 3642 is divided by 3633?
9
What is the remainder when 5254 is divided by 84?
46
What is the remainder when 18030 is divided by 1060?
10
What is the remainder when 1593 is divided by 927?
666
What is the remainder when 141652 is divided by 11801?
40
What is the remainder when 565135 is divided by 18230?
5
Calculate the remainder when 196729 is divided by 1537.
1530
Calculate the remainder when 90800 is divided by 322.
318
Calculate the remainder when 2021 is divided by 173.
118
What is the remainder when 42767 is divided by 88?
87
Calculate the remainder when 7941 is divided by 32.
5
Calculate the remainder when 5006 is divided by 51.
8
Calculate the remainder when 8541 is divided by 2070.
261
What is the remainder when 16919 is divided by 320?
279
Calculate the remainder when 86642 is divided by 47.
21
Calculate the remainder when 234 is divided by 31.
17
What is the remainder when 602 is divided by 14?
0
Calculate the remainder when 2628 is divided by 876.
0
Calculate the remainder when 43485 is divided by 7.
1
What is the remainder when 7712 is divided by 227?
221
Calculate the remainder when 52572 is divided by 212.
208
Calculate the remainder when 3265 is divided by 128.
65
Calculate the remainder when 145762 is divided by 24293.
4
What is the remainder when 6157 is divided by 384?
13
Calculate the remainder when 11017 is divided by 37.
28
What is the remainder when 60296 is divided by 10047?
14
Calculate the remainder when 236712 is divided by 25.
12
What is the remainder when 5373 is divided by 94?
15
What is the remainder when 62406 is divided by 79?
75
Calculate the remainder when 3693 is divided by 892.
125
What is the remainder when 3256 is divided by 327?
313
What is the remainder when 38579 is divided by 21?
2
Calculate the remainder when 28923 is divided by 7229.
7
Calculate the remainder when 5233 is divided by 100.
33
What is the remainder when 5724 is divided by 1908?
0
Calculate the remainder when 189817 is divided by 63272.
1
What is the remainder when 107326 is divided by 688?
686
Calculate the remainder when 107272 is divided by 10.
2
Calculate the remainder when 19502 is divided by 1288.
182
Calculate the remainder when 3150 is divided by 408.
294
Calculate the remainder when 28728 is divided by 9458.
354
Calculate the remainder when 29745 is divided by 151.
149
Calculate the remainder when 79463 is divided by 59.
49
What is the remainder when 21627 is divided by 861?
102
What is the remainder when 28879 is divided by 171?
151
What is the remainder when 634979 is divided by 30?
29
What is the remainder when 30949 is divided by 967?
5
What is the remainder when 27546 is divided by 13708?
130
Calculate the remainder when 139576 is divided by 1454.
1446
Calculate the remainder when 22456 is divided by 387.
10
Calculate the remainder when 14736 is divided by 73.
63
Calculate the remainder when 1081 is divided by 551.
530
What is the remainder when 2911 is divided by 1434?
43
What is the remainder when 1061578 is divided by 65?
63
What is the remainder when 477624 is divided by 145?
139
What is the remainder when 6198 is divided by 563?
5
What is the remainder when 1845 is divided by 453?
33
What is the remainder when 5958 is divided by 2970?
18
What is the remainder when 1269915 is divided by 16?
11
Calculate the remainder when 154 is divided by 139.
15
Calculate the remainder when 3381 is divided by 242.
235
What is the remainder when 44687 is divided by 9?
2
Calculate the remainder when 17801 is divided by 10.
1
Calculate the remainder when 3335 is divided by 787.
187
Calculate the remainder when 131163 is divided by 11921.
32
Calculate the remainder when 78354 is divided by 419.
1
Calculate the remainder when 13066 is divided by 1641.
1579
Calculate the remainder when 8881 is divided by 279.
232
Calculate the remainder when 117906 is divided by 551.
543
What is the remainder when 879606 is divided by 28?
14
Calculate the remainder when 23990 is divided by 3943.
332
Calculate the remainder when 10048 is divided by 910.
38
Calculate the remainder when 3005 is divided by 1479.
47
Calculate the remainder when 435 is divided by 180.
75
What is the remainder when 733 is divided by 163?
81
Calculate the remainder when 5898 is divided by 114.
84
Calculate the remainder when 63836 is divided by 268.
52
What is t